se d*x + 10 = 76. What is the remainder when x is divided by 0/(2/2) - -8?
6
Suppose 3*s + p = 112, 2*p = 3*s - 154 + 45. Calculate the remainder when s is divided by 6.
1
Let v(i) = -i**3 - 3*i**2 - 4*i - 4. Let l be v(-4). Let n = 31 - l. Let g(u) = 4*u - 3. What is the remainder when g(2) is divided by n?
2
Suppose 3*z = -5*v + 878, v + 619 + 235 = 3*z. Calculate the remainder when z is divided by 24.
22
Suppose -s + 11 = 5*o, 0 = -2*s - 3*s - 5*o - 5. Let a be 15/s*64/24. Let x(y) = -y**2 - 13*y - 7. What is the remainder when x(a) is divided by 8?
7
Let g = 51 - 49. Calculate the remainder when (2 + 8)*-14*g/(-5) is divided by -25*1*3/(-5).
11
Suppose -5*r + 6*o + 201 = 7*o, 2*o = -4*r + 162. What is the remainder when 65 is divided by r?
25
Suppose 0 = 4*d + 2*k + 11 + 7, 0 = -d - 2*k + 3. Let l = d - -7. Suppose 2*u + 5 - 7 = l. Calculate the remainder when 3 is divided by u.
0
Let v(i) = 4*i**3 - i + 2. Let u be v(1). Suppose -o + n = -165, -4*o + u*n = -119 - 545. Calculate the remainder when o is divided by 27.
26
Let p = 291 - 228. What is the remainder when p is divided by 22?
19
Suppose 40*s - 80*s + 1240 = 0. What is the remainder when 133 is divided by s?
9
Suppose 0 = 2*c + 56 - 80. What is the remainder when 46 is divided by c?
10
Suppose a - 9 = -d + 15, -4*d - 16 = 0. Calculate the remainder when 52 is divided by a.
24
Let k = 535 - 515. What is the remainder when 237 is divided by k?
17
Let x = -42 + 42. Suppose -4*m = -0*y - y - 23, -3*y + 6 = 3*m. Suppose x = m*j - 2*j - 168. Calculate the remainder when j is divided by 20.
16
Let u(g) = g**3 - 8*g**2 + g + 6. Let o be u(8). Suppose 0 = o*c + 49 - 231. Calculate the remainder when 88 is divided by c.
10
Calculate the remainder when 46 is divided by (4 - 60/(-4)) + -3.
14
Let n(o) = -o**3 + 16*o**2 + 57*o + 25. What is the remainder when 223 is divided by n(19)?
23
Let d be (-2 - 11/(-2))*2/(-1). Let x = 14 - d. Calculate the remainder when 104 is divided by x.
20
Let y(h) = 61*h - 94. What is the remainder when y(7) is divided by 42?
39
Suppose 0*j + j - 9 = 0. Let v = 35 + -31. Calculate the remainder when j is divided by v.
1
Suppose -72*n = 17*n - 15575. Calculate the remainder when n is divided by 23.
14
Let i(d) = -d**3 - 9*d**2 - 9*d - 3. Let v be i(-8). Let m = 4 - 4. Let n = v + m. Calculate the remainder when 14 is divided by n.
4
Let j(u) = -u**3 - 3*u**2 - 2. Let b be j(-4). Let p = 2 + b. Suppose p = 3*m - 29. Calculate the remainder when 43 is divided by m.
13
Suppose 4*g - 112 = -0*c + 4*c, 4*g = 3*c + 113. Suppose 4*i = p + p - 54, -4*p + i = -87. Let z = p + -15. Calculate the remainder when g is divided by z.
5
Suppose -5*k + 35 = 5*z, -6 = -5*k + 4*z + 2. Suppose k*m - 71 = -19. Suppose -3*f + 163 = 13. What is the remainder when f is divided by m?
11
Suppose 4*w + 516 = -z + 3*z, -5*z + 4*w = -1266. Calculate the remainder when z is divided by 9.
7
Let r = -84 - -102. Calculate the remainder when 482/r + 14/63 - -3 is divided by 16.
14
What is the remainder when 383 is divided by (-77)/55*-11*5?
75
Suppose -18 = -11*q + 5*q. Let s(r) = 8*r**3 - 8 + 5*r**2 + 5*r - 9*r**q + r**2. Calculate the remainder when 85 is divided by s(6).
19
Suppose -4*z + f = -2*z - 31, -5*f = 2*z - 61. Let h = 0 - -2. Let m(y) = 4*y**2 - 4*y + 3. Calculate the remainder when z is divided by m(h).
7
What is the remainder when 234 is divided by (-5 - 7)*(-247)/52?
6
Let y(b) = -38*b - 142. What is the remainder when 31 is divided by y(-4)?
1
Suppose -452 = -4*m + 4*c - 9*c, 4*m - 2*c - 452 = 0. What is the remainder when m is divided by 57?
56
Suppose -10*l + 690 = 20*l. Suppose 3*q = -u + 266, -2*q - 2*u - 19 + 195 = 0. Calculate the remainder when q is divided by l.
20
Let g(k) = k + 11 + 5*k + k**2 + 5*k + k. Let a = -21 + 9. What is the remainder when 42 is divided by g(a)?
9
Let u be (7/21)/((-1)/(-3)). Suppose j - 3 - u = 0. Suppose 2*o - j*o = -12. What is the remainder when 17 is divided by o?
5
Suppose 6*x - 41 = 805. What is the remainder when x is divided by 13?
11
Let a = 4 + -3. Let l(k) = 21*k + 1. Let u(s) = s + 6. Calculate the remainder when l(a) is divided by u(6).
10
Suppose -11*k + 9*k = -98. Let q(v) = 27*v**3 + 2*v**2 - v - 2. What is the remainder when k is divided by q(1)?
23
Let g = -14 - -20. Suppose g = -2*u - 5*y, -3*y - 10 = 2*y. Suppose 0 = -u*l + 11 + 9. Calculate the remainder when 19 is divided by l.
9
Let b(y) = -y**2 - 12*y - 5. Calculate the remainder when 404 is divided by b(-4).
26
Let s(d) = 34*d + 13. Suppose -h + 6 = -u - 7, -5*h = 4*u + 16. Let t = u - -16. Calculate the remainder when s(0) is divided by t.
6
Let o(t) = -2*t + 6. Suppose 7 = 3*r - 4*r - 5*k, -3*r = k + 35. Let h(s) = -s**3 - 12*s**2 - 3*s + 11. Calculate the remainder when h(r) is divided by o(-5).
15
Suppose 413 = 8*h + 5. What is the remainder when h is divided by 18?
15
Let m(h) = -h**2 + 3*h + 19. Let u be m(11). Let n(w) = 6*w - 7. Let y be n(-6). Let d = y - u. Calculate the remainder when 103 is divided by d.
25
Suppose -a + 15 + 7 = 0. Calculate the remainder when 59 is divided by a.
15
Let t(c) = 2*c**2 + 5*c + 4. What is the remainder when t(-3) is divided by 12/16*(15/(-6))/(15/(-40))?
2
Suppose -3379 = -215*j + 184*j. What is the remainder when j is divided by 22?
21
Let f(o) = o**2 + 8*o. Suppose 73*i - 36 = 77*i. Calculate the remainder when 70 is divided by f(i).
7
Let o = 59 - 45. Let h(g) = 2*g - 17. Suppose -2*k = -2*j - k + 36, 0 = -5*j - k + 97. Calculate the remainder when j is divided by h(o).
8
Let m(c) = -7*c + 5. Let v be m(6). Let t = 54 + v. What is the remainder when t is divided by 66/14 - 2/(-7)?
2
Suppose -16 = l + l. Let z be (-2)/2 + 10 - -2. Let c = z + l. What is the remainder when 9 is divided by c?
0
Let h = -25 + 78. Calculate the remainder when h is divided by -1*(2 - 2) - -18.
17
What is the remainder when 160*(-4 + 2 - 78/(-24)) is divided by 21?
11
Let u be (-470)/50 + 4/10. Let w = 15 + u. Calculate the remainder when 62/22 - w/(-33) is divided by 2.
1
Let p be (-1 + 0)*(8 + -8). Suppose -l - 4*l + 1960 = p. Suppose -2*x = 2*x - l. Calculate the remainder when x is divided by 25.
23
Let z(r) = r + 13. Let a be 12/(-1)*(-5)/(-10). Let c be z(a). Suppose j + c = 4*b + b, 5*j - 5*b - 45 = 0. Calculate the remainder when 51 is divided by j.
12
Let u = -3 + 8. Let j be u*(1 - 0/(-1)). Suppose -j*i - 5*f + 60 = 0, -12 = -i - 0*f - 4*f. Calculate the remainder when i is divided by 5.
2
Suppose 10 = 2*b - 28. Suppose -v = 2*k + 4*v - 40, k + 2*v = b. Calculate the remainder when 28 is divided by k.
13
Let x = 595 + -411. What is the remainder when x is divided by 51?
31
Suppose 2*h = g + 96, -5*h + 25*g = 21*g - 240. Calculate the remainder when 90 is divided by h.
42
Let v be (5 - 1)*(-7)/((-21)/27). Suppose 7*j = 11*j - v. What is the remainder when j is divided by 3?
0
Suppose 53 = 3*n + 5*r, 2*n - 2*r - 10 = 4. Calculate the remainder when n is divided by 2.
1
Suppose 4*k - 38 = 3*z - z, 0 = 3*z - 5*k + 52. Let q = z + 7. Calculate the remainder when q/2 + 25 + 6 is divided by 16.
14
Let g = -298 + -104. What is the remainder when 3/(-3 + g/(-133)) is divided by 15?
13
Let t be (-7)/((-28)/16) - 0. Suppose 1 + 7 = t*m. Let b(y) = y**3 + 3*y**2 - y. What is the remainder when b(-2) is divided by m?
0
Suppose 2*n = 3*n + 44. Let k be 8/n + (-216)/22. Let u = 24 + k. Calculate the remainder when 40 is divided by u.
12
Let u(g) = -2*g + 10. Let s be u(-6). Suppose -5*v = s + 3, 4*v = 3*d - 125. What is the remainder when d is divided by 19?
16
What is the remainder when 48 is divided by 0 + -5 - (-34 - 0/(-4))?
19
What is the remainder when 239 is divided by 2/(24/160*4/6)?
19
Let q(m) = 6*m - 3. Let s be ((-6)/6)/((-2)/18). Let j(b) = b**3 - 10*b**2 + 11*b - 7. What is the remainder when j(s) is divided by q(1)?
2
Suppose 3*f - 3*x = 105, 3*f + 3*x - 140 = -f. What is the remainder when f is divided by 2?
1
Suppose 0 = -5*q + 4 - 44. Let c = 5 + q. Let g = c + 10. Calculate the remainder when g is divided by 4.
3
Let v be 2 - 6 - -4 - -2. Suppose 2*l - 1 = 8*b - 3*b, l + v*b = 14. Let j(t) = -t**3 + 9*t**2 - 8*t + 5. Calculate the remainder when 18 is divided by j(l).
3
Let r = -300 + 345. What is the remainder when 306 is divided 